3
What is the ten thousands digit of 1620781?
2
What is the thousands digit of 7374833?
4
What is the ten thousands digit of 1919415?
1
What is the thousands digit of 1305106?
5
What is the units digit of 10451976?
6
What is the hundreds digit of 4450439?
4
What is the tens digit of 181365?
6
What is the hundreds digit of 2711202?
2
What is the tens digit of 1573554?
5
What is the hundred thousands digit of 2493905?
4
What is the ten thousands digit of 1864646?
6
What is the ten millions digit of 24598781?
2
What is the hundred thousands digit of 1244177?
2
What is the thousands digit of 524434?
4
What is the hundred thousands digit of 216614?
2
What is the units digit of 406843?
3
What is the ten thousands digit of 8840840?
4
What is the thousands digit of 2096530?
6
What is the tens digit of 17347169?
6
What is the tens digit of 377414?
1
What is the hundred thousands digit of 572862?
5
What is the units digit of 645939?
9
What is the ten thousands digit of 154936?
5
What is the units digit of 1770474?
4
What is the units digit of 548671?
1
What is the hundreds digit of 688644?
6
What is the tens digit of 1279935?
3
What is the tens digit of 1580492?
9
What is the hundreds digit of 8342965?
9
What is the ten thousands digit of 3319238?
1
What is the hundreds digit of 979028?
0
What is the millions digit of 4646704?
4
What is the hundred thousands digit of 426900?
4
What is the ten thousands digit of 438979?
3
What is the tens digit of 34864572?
7
What is the units digit of 2220463?
3
What is the hundred thousands digit of 272851?
2
What is the hundreds digit of 1994756?
7
What is the thousands digit of 604179?
4
What is the hundreds digit of 11850498?
4
What is the hundreds digit of 1071960?
9
What is the units digit of 2608944?
4
What is the hundreds digit of 731556?
5
What is the thousands digit of 735383?
5
What is the thousands digit of 199811?
9
What is the thousands digit of 532083?
2
What is the thousands digit of 561996?
1
What is the ten thousands digit of 1070228?
7
What is the hundred thousands digit of 163345?
1
What is the hundreds digit of 937859?
8
What is the millions digit of 3064086?
3
What is the ten thousands digit of 8855577?
5
What is the hundred thousands digit of 114462?
1
What is the hundred thousands digit of 8920112?
9
What is the hundreds digit of 925277?
2
What is the ten thousands digit of 144992?
4
What is the hundreds digit of 2015602?
6
What is the hundreds digit of 2131878?
8
What is the hundred thousands digit of 732271?
7
What is the units digit of 11957704?
4
What is the ten thousands digit of 18337002?
3
What is the hundred thousands digit of 633476?
6
What is the thousands digit of 2309362?
9
What is the thousands digit of 6420483?
0
What is the hundred thousands digit of 3338070?
3
What is the ten thousands digit of 5333537?
3
What is the millions digit of 2662489?
2
What is the hundred thousands digit of 4984918?
9
What is the units digit of 152160?
0
What is the ten thousands digit of 2718440?
1
What is the units digit of 2162825?
5
What is the tens digit of 5900450?
5
What is the tens digit of 5225016?
1
What is the hundred thousands digit of 731276?
7
What is the hundreds digit of 234856?
8
What is the units digit of 3100454?
4
What is the hundred thousands digit of 498031?
4
What is the thousands digit of 17559719?
9
What is the hundreds digit of 498326?
3
What is the hundred thousands digit of 950661?
9
What is the ten thousands digit of 1030956?
3
What is the hundreds digit of 793178?
1
What is the units digit of 14455910?
0
What is the units digit of 850316?
6
What is the units digit of 136080?
0
What is the tens digit of 196941?
4
What is the ten millions digit of 11331637?
1
What is the tens digit of 586882?
8
What is the hundreds digit of 266004?
0
What is the units digit of 4725833?
3
What is the ten thousands digit of 1309141?
0
What is the tens digit of 2736631?
3
What is the thousands digit of 175066?
5
What is the hundreds digit of 308712?
7
What is the tens digit of 9649298?
9
What is the tens digit of 24326685?
8
What is the millions digit of 2003642?
2
What is the hundred thousands digit of 258411?
2
What is the hundreds digit of 26914099?
0
What is the ten thousands digit of 10227199?
2
What is the hundreds digit of 18661901?
9
What is the hundred thousands digit of 351154?
3
What is the hundred thousands digit of 202519?
2
What is the ten thousands digit of 181890?
8
What is the thousands digit of 838801?
8
What is the tens digit of 4649199?
9
What is the millions digit of 2618516?
2
What is the units digit of 3370203?
3
What is the hundreds digit of 2986207?
2
What is the ten thousands digit of 14825681?
2
What is the tens digit of 259261?
6
What is the ten thousands digit of 136119?
3
What is the units digit of 157002?
2
What is the ten thousands digit of 1456406?
5
What is the thousands digit of 1238581?
8
What is the tens digit of 1162116?
1
What is the thousands digit of 1427068?
7
What is the hundreds digit of 210403?
4
What is the thousands digit of 13284166?
4
What is the thousands digit of 37030267?
0
What is the thousands digit of 158097?
8
What is the ten thousands digit of 19354830?
5
What is the hundreds digit of 562023?
0
What is the ten thousands digit of 193435?
9
What is the ten thousands digit of 34212?
3
What is the thousands digit of 1088519?
8
What is the hundreds digit of 70247?
2
What is the units digit of 25004419?
9
What is the millions digit of 1184016?
1
What is the hundreds digit of 6493440?
4
What is the units digit of 9628250?
0
What is the tens digit of 513082?
8
What is the ten thousands digit of 5187142?
8
What is the ten thousands digit of 468635?
6
What is the ten thousands digit of 41626?
4
What is the hundreds digit of 25540061?
0
What is the millions digit of 5119608?
5
What is the tens digit of 9280471?
7
What is the thousands digit of 159841?
9
What is the thousands digit of 575795?
5
What is the thousands digit of 174654?
4
What is the thousands digit of 12061691?
1
What is the hundreds digit of 305016?
0
What is the units digit of 3455800?
0
What is the units digit of 800492?
2
What is the ten thousands digit of 482908?
8
What is the thousands digit of 6679628?
9
What is the hundred thousands digit of 6538050?
5
What is the units digit of 594855?
5
What is the hundreds digit of 836736?
7
What is the ten thousands digit of 59787?
5
What is the thousands digit of 15594?
5
What is the units digit of 427490?
0
What is the hundred thousands digit of 286906?
2
What is the hundred thousands digit of 1083270?
0
What is the ten thousands digit of 2751741?
5
What is the units digit of 289870?
0
What is the hundred thousands digit of 2735783?
7
What is the ten thousands digit of 6990752?
9
What is the hundreds digit of 174645?
6
What is the tens digit of 1591705?
0
What is the hundreds digit of 4289563?
5
What is the tens digit of 3097549?
4
What is the ten thousands digit of 19609703?
0
What is the tens digit of 1117373?
7
What is the hundred thousands digit of 3928648?
9
What is the thousands digit of 1364421?
4
What is the ten thousands digit of 3547895?
4
What is the hundred thousands digit of 3850757?
8
What is the millions digit of 1331367?
1
What is the hundred thousands digit of 9839016?
8
What is the tens digit of 369214?
1
What is the thousands digit of 6023614?
3
What is the units digit of 1003971?
1
What is the units digit of 1273748?
8
What is the thousands digit of 67825?
7
What is the hundred thousands digit of 479953?
4
What is the units digit of 147675?
5
What is the ten thousands digit of 32774801?
7
What is the tens digit of 2207761?
6
What is the millions digit of 18944404?
8
What is the ten thousands digit of 51017?
5
What is the hundreds digit of 1271229?
2
What is the hundreds digit of 4320637?
6
What is the thousands digit of 1219213?
9
What is the millions digit of 12938570?
2
What is the ten thousands digit of 2000630?
0
What is the hundreds digit of 237475?
4
What is the thousands digit of 4172996?
2
What is the tens digit of 3208164?
6
What is the thousands digit of 21911266?
1
What is the tens digit of 292716?
1
What is the hundred thousands digit of 117620?
1
What is the hundred thousands digit of 26146962?
1
What is